{"id":131,"date":"2024-08-28T12:49:51","date_gmt":"2024-08-28T12:49:51","guid":{"rendered":"https:\/\/czytamilicze.pl\/?page_id=131"},"modified":"2024-08-28T12:49:51","modified_gmt":"2024-08-28T12:49:51","slug":"francuski-z-pasja","status":"publish","type":"page","link":"https:\/\/czytamilicze.pl\/index.php\/francuski-z-pasja\/","title":{"rendered":"Francuski z pasj\u0105"},"content":{"rendered":"\n<p>Jestem <strong>absolwentk\u0105 filologii roma\u0144skiej<\/strong> Uniwersytetu Miko\u0142aja Kopernika w Toruniu. Opr\u00f3cz zaawansowanego poziomu j\u0119zyka, posiadam r\u00f3wnie\u017c&nbsp; gruntowne <strong>przygotowanie metodyczne i pedagogiczne.<\/strong> Nie lubi\u0119 chaosu. Moje lekcje s\u0105 zawsze dobrze przemy\u015blane i przygotowane, aby zrealizowa\u0107 za\u0142o\u017cone cele.&nbsp;&nbsp;<\/p>\n\n\n\n<p>Zaj\u0119cia z j\u0119zyka francuskiego prowadzone s\u0105 zar\u00f3wno w trybie stacjonarnym jak i on-line (na platformie Google Meet) dla ka\u017cdej grupy wiekowej i na r\u00f3\u017cnych poziomach zaawansowania.&nbsp;<\/p>\n\n\n\n<p><strong>Zaj\u0119cia grupowe<\/strong> obejmuj\u0105:&nbsp;<\/p>\n\n\n\n<p>&#8211; nauk\u0119 od podstaw z uwzgl\u0119dnieniem wszystkich kompetencji j\u0119zykowych:&nbsp;&nbsp;&nbsp;&nbsp;<\/p>\n\n\n\n<p>&nbsp; rozumienie ze s\u0142uchu, rozumienie tekstu pisanego, m\u00f3wienie i pisanie),&nbsp;&nbsp;<\/p>\n\n\n\n<p>&#8211; kursy przygotowuj\u0105ce do egzaminu maturalnego oraz egzamin\u00f3w&nbsp;&nbsp;<\/p>\n\n\n\n<p>&nbsp; mi\u0119dzynarodowych (DELF, DALF).&nbsp;&nbsp;<\/p>\n\n\n\n<p><strong>Zaj\u0119cia indywidualne<\/strong> prowadzone s\u0105 w ramach potrzeb kursanta:&nbsp;<\/p>\n\n\n\n<p>&#8211; nauka j\u0119zyka na r\u00f3\u017cnych poziomach na potrzeby prywatne, jak i biznesowe,&nbsp;<\/p>\n\n\n\n<p>&nbsp; spersonalizowane do Twoich zainteresowa\u0144,&nbsp;<\/p>\n\n\n\n<p>&#8211; korepetycje,&nbsp;<\/p>\n\n\n\n<p>&#8211; konwersacje.&nbsp;<\/p>\n\n\n\n<p>Zaj\u0119cia przygotowuj\u0119 zawsze z nale\u017cyt\u0105 staranno\u015bci\u0105. Dbam o mi\u0142\u0105, przyjazn\u0105 atmosfer\u0119. U\u015bmiech jest moj\u0105 wizyt\u00f3wk\u0105, kt\u00f3ry u\u0142atwia niejednokrotnie batali\u0119 j\u0119zykow\u0105. Dlaczego batali\u0119? Wiele os\u00f3b uwa\u017ca, ze j\u0119zyk francuski jest prosty. Opini\u0119 pozostawiam Wam. Wg mnie jest pi\u0119kny, ale te\u017c bardzo wymagaj\u0105cy.&nbsp;&nbsp;<\/p>\n\n\n\n<p>W nauczaniu korzystam z podr\u0119cznik\u00f3w w wersji interaktywnej jak&nbsp;&nbsp;&nbsp;&nbsp;&nbsp;&nbsp;&nbsp;&nbsp;&nbsp;&nbsp;&nbsp;&nbsp;&nbsp;&nbsp;&nbsp;&nbsp;&nbsp;&nbsp;&nbsp;&nbsp; i papierowej.&nbsp; Ponadto pracuj\u0119 w oparciu o materia\u0142y autentyczne (nagrania radiowe, telewizyjne, blogi, filmy dokumentalne, teksty prasowe). Lekcje urozmaicam r\u00f3wnie\u017c wieloma aplikacjami multimedialnymi, r\u00f3\u017cnorodn\u0105 grafik\u0105, grami edukacyjnymi, co \u0142\u0105cznie sprawia, \u017ce zaj\u0119cia s\u0105 dynamiczne, ciekawe i przede wszystkim efektywne.&nbsp;<\/p>\n\n\n\n<p>Zapraszam na pierwsz\u0105 bezp\u0142atn\u0105 lekcj\u0119 organizacyjn\u0105, na kt\u00f3rej przede wszystkim poznamy si\u0119 oraz wyznaczymy cele edukacyjne.&nbsp;<\/p>\n","protected":false},"excerpt":{"rendered":"<p>Jestem absolwentk\u0105 filologii roma\u0144skiej Uniwersytetu Miko\u0142aja Kopernika w Toruniu. Opr\u00f3cz zaawansowanego poziomu j\u0119zyka, posiadam r\u00f3wnie\u017c&nbsp; gruntowne przygotowanie metodyczne i pedagogiczne. Nie lubi\u0119 chaosu. Moje lekcje s\u0105 zawsze dobrze przemy\u015blane i przygotowane, aby zrealizowa\u0107 za\u0142o\u017cone cele.&nbsp;&nbsp; Zaj\u0119cia z j\u0119zyka francuskiego prowadzone s\u0105 zar\u00f3wno w trybie stacjonarnym jak i on-line (na platformie Google Meet) dla ka\u017cdej grupy [&hellip;]<\/p>\n","protected":false},"author":1,"featured_media":0,"parent":0,"menu_order":0,"comment_status":"closed","ping_status":"closed","template":"","meta":{"footnotes":""},"class_list":["post-131","page","type-page","status-publish","hentry"],"_links":{"self":[{"href":"https:\/\/czytamilicze.pl\/index.php\/wp-json\/wp\/v2\/pages\/131","targetHints":{"allow":["GET"]}}],"collection":[{"href":"https:\/\/czytamilicze.pl\/index.php\/wp-json\/wp\/v2\/pages"}],"about":[{"href":"https:\/\/czytamilicze.pl\/index.php\/wp-json\/wp\/v2\/types\/page"}],"author":[{"embeddable":true,"href":"https:\/\/czytamilicze.pl\/index.php\/wp-json\/wp\/v2\/users\/1"}],"replies":[{"embeddable":true,"href":"https:\/\/czytamilicze.pl\/index.php\/wp-json\/wp\/v2\/comments?post=131"}],"version-history":[{"count":1,"href":"https:\/\/czytamilicze.pl\/index.php\/wp-json\/wp\/v2\/pages\/131\/revisions"}],"predecessor-version":[{"id":132,"href":"https:\/\/czytamilicze.pl\/index.php\/wp-json\/wp\/v2\/pages\/131\/revisions\/132"}],"wp:attachment":[{"href":"https:\/\/czytamilicze.pl\/index.php\/wp-json\/wp\/v2\/media?parent=131"}],"curies":[{"name":"wp","href":"https:\/\/api.w.org\/{rel}","templated":true}]}}